 5 = f, 2*f + q*f - 87 = 3*x. Calculate the remainder when 219*(4/3 + -1) is divided by f.
13
Let l(u) = -4 + 0*u + u + 2*u. Let m be l(3). Suppose -m*o + 154 = -21. Calculate the remainder when o is divided by 4.
3
Let a be (-4)/(1 + 0) - -8. Suppose 0*f + a*f - 96 = 0. Calculate the remainder when f/15*(-220)/(-8) is divided by 12.
8
Suppose -c - 4*c = g - 60, 15 = 3*g. Let u = -78731 - -78733. Calculate the remainder when c is divided by u.
1
Suppose 5*b - w = 1649, -108*w - 1011 = -3*b - 111*w. Let n(s) = -s**2 - 8*s + 9. Calculate the remainder when b is divided by n(-7).
11
Suppose -107*a + 6159 + 41841 = 85*a. Calculate the remainder when 579 is divided by a.
79
Let s(d) = d**2 - 4*d + 9. Let l be s(0). Suppose -l*b + 486 = -3*b. Suppose 3*o - 38 = -3*j + 8*j, -o = 2*j - 31. What is the remainder when b is divided by o?
18
Let b = -13 + 32. Suppose d - 4*a - b = 0, -4*d + 2*a + 106 = a. What is the remainder when 46 is divided by d?
19
Suppose -p - 26 = -o, 2*o - p - 113 = -2*o. Let m = -54 - -139. Suppose 11 = 12*i - m. What is the remainder when o is divided by i?
5
Let j = 709 - 696. Suppose -a + 1050 = j*a. Calculate the remainder when a is divided by 40.
35
Let g(n) = -n**2 + 7*n + 602. Calculate the remainder when g(-18) is divided by 133.
19
Suppose -639*i - 21934 = -661*i. Calculate the remainder when i is divided by 125.
122
Let h = -18862 + 21173. What is the remainder when h is divided by 54?
43
Suppose -121 - 59 = -6*q. Suppose 0 = 2*h + 3*h - q. Calculate the remainder when 15 is divided by h.
3
What is the remainder when (-29780)/8*-2*(-31 + 32) is divided by 10?
5
Suppose 58*g - 270 = 63*g. Let r = 61 + g. Suppose 0 = 2*d + 2*y - 10, 3*y - 7 - 4 = -d. Calculate the remainder when r is divided by d.
1
Let j = -280 + 273. Calculate the remainder when 93 is divided by (341/(-22) + 12)*(j + 1).
9
Let c = -5354 - -5462. Calculate the remainder when 368 is divided by c.
44
Suppose 1200 + 3347 = 7*r - 1774. Calculate the remainder when r is divided by 308.
287
Calculate the remainder when 18/(288/7216) - 13 is divided by 11.
9
Suppose 5*j - 816 = -131. Let q(g) = -g**3 + 27*g**2 + 31*g - 37. Let p = 351 - 323. Calculate the remainder when j is divided by q(p).
43
What is the remainder when 2676 is divided by 12/(((-621)/(-27))/1702)?
12
Suppose -4*p = -3*w + 373, 5*w = p + 882 - 249. What is the remainder when 394 is divided by w?
13
Let u(g) = 6*g**2 + 4*g + 1. Let l be u(-3). Suppose 0 = l*s - 38*s - 10. Suppose 3*o - 320 = -s*o. Calculate the remainder when o is divided by 23.
18
Let j = -92 - -100. Calculate the remainder when j is divided by 2 + 19/5 + (-3)/(-15).
2
Suppose -265 = -5*o + 5*w, 2*o + 1 - 110 = w. Suppose -10*k - 264 = -16*k. What is the remainder when o is divided by k?
12
Let a(o) = -3*o - 36. Let p be a(-10). Let q(z) = -z**3 - 6*z**2 + 2*z + 46. Calculate the remainder when q(p) is divided by 10.
4
Let v = 1452 - 1456. Suppose -2*f - 33 = -3*f. Calculate the remainder when 80 is divided by f/1 + 1 + v.
20
Let m(d) = -d**2 - 20*d - 96. Let s be m(-8). Let n(w) = -2*w**2 - 2*w + 5. What is the remainder when 21 is divided by n(s)?
1
Let n(g) = 54*g - 1641. Calculate the remainder when n(58) is divided by 8.
3
Suppose -389*f + 385*f = 2*b - 78, 2*f = -4*b + 30. Calculate the remainder when 701 is divided by f.
8
Let l(g) be the first derivative of -12*g + 23/2*g**2 - 17. What is the remainder when l(3) is divided by 29?
28
Suppose -11*h + 64 = 31. What is the remainder when 256 is divided by h*-1 - ((-70 - 5) + -14)?
84
Suppose -2*g + 30 = g. Suppose -h - 1 = 23*f - 24*f, 0 = -5*f + 20. Suppose b = 3*b + g, 0 = -h*x - 5*b + 32. What is the remainder when 131 is divided by x?
17
Suppose 4*i = -3*n + 11105 - 652, -5216 = -2*i + 2*n. Calculate the remainder when i*(20/(-28))/(-5) is divided by 34.
33
Suppose 460 = 5*d + 3*j, -53 - 39 = -d - j. Calculate the remainder when 1277 is divided by d.
81
Let f = 13 + -9. Suppose 16 = -f*a + 180. What is the remainder when 243 is divided by a?
38
Let k = -11446 - -11528. What is the remainder when k is divided by 35?
12
Suppose -8706 + 22466 = 64*i. Calculate the remainder when i is divided by 100.
15
Let c(f) = f**2 + 17*f - 56. Let y be c(-20). Suppose -132 = y*b - 7*b. Calculate the remainder when b is divided by 10.
4
Let q = -2451 - -2467. What is the remainder when 535 is divided by q?
7
What is the remainder when 2 + 4 + (-3 - -13) is divided by 6?
4
Calculate the remainder when -84*(-55)/((-21945)/(-152))*(9 - 0) is divided by 93.
9
Suppose -5*h = 508 - 1888. Let p = 38402 - 38346. Calculate the remainder when h is divided by p.
52
Suppose -30*y + 22036 = -3374. Let x(g) = 7*g**2 + 31*g - 130. Calculate the remainder when y is divided by x(4).
105
Suppose -5*c + 131 = 116. Suppose c*y = -5*r + 93 + 1165, -1228 = -3*y + r. What is the remainder when y is divided by 46?
43
Let j(r) = 3*r**3 - 12*r**2 - 40*r + 47. Let t(g) = -2*g**3 + 8*g**2 + 27*g - 31. Let w(d) = 5*j(d) + 7*t(d). What is the remainder when w(7) is divided by 23?
19
Let p = -4888 + 4921. What is the remainder when 84 is divided by p?
18
What is the remainder when 4*790/9*(-180)/(-80) is divided by 66?
64
Suppose 3*g = -3*i + 6, -3*i + 5 = g + 3*g. Let u be (i/(36/(-16)))/(1/(-3)). Suppose -u*z + 8 = -76. What is the remainder when z is divided by 6?
3
Let p(x) = -37 - 17 + x + 18*x. What is the remainder when p(7) is divided by 41?
38
Let a = 87 - 87. Suppose -3*u = 13 - 4, a = -f - u + 83. Calculate the remainder when f is divided by 44.
42
Let z = 8059 + -8040. Calculate the remainder when 1041 is divided by z.
15
Let h = -29 - -63. Suppose 12 = -4*y, -b + 17 = -5*y - 13. Let r = h - b. What is the remainder when r is divided by 5?
4
Suppose 0 = 67*c - 2836 + 1429. What is the remainder when 10476 is divided by c?
18
Let z be (2/7)/(24/84). Let u = 16 - z. Suppose -74 = -3*h - 2*w, -4*h + 2*w + 79 + 43 = 0. Calculate the remainder when h is divided by u.
13
Let t(q) = q**3 + 8*q - 6. Suppose 214*o + 31*o - 3440 = 30*o. Calculate the remainder when t(5) is divided by o.
15
Let w be (-7 + 6 - 6) + 9. What is the remainder when (16/32)/((-1)/(-2014)) + w is divided by 23?
20
Let i = -186 + 302. Suppose -21 = 5*m - i. Suppose 22*c = m*c + 33. What is the remainder when 74 is divided by c?
8
What is the remainder when (1276/(-88))/29*(0 - 1 - 8947) is divided by 1116?
10
Suppose 40 + 376 + 34 = 10*u. Calculate the remainder when u is divided by 39.
6
Let j(f) = -f**2 + 23*f + 127. Calculate the remainder when j(20) is divided by 26.
5
Suppose -3260 = 18*u + 20*u - 58*u. What is the remainder when u is divided by 111?
52
Let x(j) = -6*j**2 + 4*j + 1. Let r be x(1). Calculate the remainder when 52 is divided by (-19)/r*(-12 - -13).
14
Let q = 1409 + -1259. Calculate the remainder when q is divided by 45.
15
Let q(h) = -2*h - 9. Suppose -5134 + 1734 = -50*t. Calculate the remainder when t is divided by q(-6).
2
Let u(a) = a**3 - 2*a**2 - 9*a + 4. Let m be (9/(-2))/(6/(-8)). What is the remainder when u(m) is divided by (-912)/(-380)*(5 + 0)*1?
10
Let l(m) = -m**3 - m**2 + 2*m + 24. Let k be l(5). Let w = 211 - k. What is the remainder when w is divided by 55?
52
Suppose 0 = 2*f - 0*f + 20*f - 220. Calculate the remainder when 9777 is divided by f.
7
Suppose -2*j - 44 = 78*s - 81*s, 0 = 5*s - 4*j - 74. What is the remainder when 1020 is divided by s?
12
Suppose 0 = k + 3*f - 913, 578*f = 5*k + 577*f - 4613. Calculate the remainder when k is divided by 13.
12
Let o(f) = -f**2 + 2*f + 34. Let i be o(-8). Let a = -43 - i. Calculate the remainder when 7 is divided by a.
1
Let y(z) = -6*z - 234. Let u be y(-37). Calculate the remainder when 222 is divided by u/2 - (-39 - 12).
42
Let d(t) be the first derivative of 4*t**2 + 218*t - 177. What is the remainder when d(-23) is divided by 6?
4
Suppose 5*o = -j + 5236 - 5210, -5*o = 4*j - 74. What is the remainder when 1294 is divided by j?
14
Calculate the remainder when (1 + 3699/15)*70/28 is divided by 140.
59
Let k(q) = q**3 - q**2 - 1228*q + 3771. What is the remainder when k(0) is divided by 46?
45
Suppose 4*f - 4382 = -2*b, 0 = 5*f + 5*b - 0*b - 5485. What is the remainder when f is divided by 84?
2
Suppose -4333 = l + 4*l + r, r = -l - 865. Let q = l - -